NOAA-Style Climate Reports

2018: Jan | Feb | Mar | Apr | May | Jun | Jul | Aug | Sep | Oct | Nov | Dec 
2017: Jan | Feb | Mar | Apr | May | Jun | Jul | Aug | Sep | Oct | Nov | Dec 
2016: Jan | Feb | Mar | Apr | May | Jun | Jul | Aug | Sep | Oct | Nov | Dec 
2015: Jan | Feb | Mar | Apr | May | Jun | Jul | Aug | Sep | Oct | Nov | Dec 
2014: Jan | Feb | Mar | Apr | May | Jun | Jul | Aug | Sep | Oct | Nov | Dec 
2013: Jan | Feb | Mar | Apr | May | Jun | Jul | Aug | Sep | Oct | Nov | Dec 
2012: Jan | Feb | Mar | Apr | May | Jun | Jul | Aug | Sep | Oct | Nov | Dec 
2011: Jan | Feb | Mar | Apr | May | Jun | Jul | Aug | Sep | Oct | Nov | Dec 
2010: Jan | Feb | Mar | Apr | May | Jun | Jul | Aug | Sep | Oct | Nov | Dec 
2009: Jan | Feb | Mar | Apr | May | Jun | Jul | Aug | Sep | Oct | Nov | Dec 
2008: Jan | Feb | Mar | Apr | May | Jun | Jul | Aug | Sep | Oct | Nov | Dec 
2007: Jan | Feb | Mar | Apr | May | Jun | Jul | Aug | Sep | Oct | Nov | Dec 
2006: Jan | Feb | Mar | Apr | May | Jun | Jul | Aug | Sep | Oct | Nov | Dec 
2005: Jan | Feb | Mar | Apr | May | Jun | Jul | Aug | Sep | Oct | Nov | Dec 
2004: Jan | Feb | Mar | Apr | May | Jun | Jul | Aug | Sep | Oct | Nov | Dec 
2003: Jan | Feb | Mar | Apr | May | Jun | Jul | Aug | Sep | Oct | Nov | Dec 

Report for 2018 05
MONTHLY CLIMATOLOGICAL SUMMARY for MAY. 2018 NAME: Vantage Pro Plus CITY: Sand Point STATE: MI ELEV: 598 ft LAT: 43 54' 37" N LONG: 83 23' 03" W TEMPERATURE (F), RAIN (in), WIND SPEED (mph) HEAT COOL AVG MEAN DEG DEG WIND DOM DAY TEMP HIGH TIME LOW TIME DAYS DAYS RAIN SPEED HIGH TIME DIR ------------------------------------------------------------------------------------ 1 61.5 70.8 3:00p 54.9 7:20a 4.3 0.7 0.00 8.7 21.0 6:20p SSW 2 63.5 72.1 6:20p 49.4 10:20p 2.8 1.3 0.00 10.2 23.0 1:50a SSW 3 48.1 54.2 1:00a 45.0 5:00a 16.9 0.0 0.31 5.9 25.0 3:30a ENE 4 56.5 69.9 12:50p 47.4 2:40a 8.6 0.1 0.36 11.7 46.0 1:20p S 5 59.5 73.7 5:10p 53.9 4:20a 6.1 0.7 0.00 6.5 23.0 5:40p ENE 6 47.8 57.1 12:10a 43.3 4:00p 17.2 0.0 0.02 9.6 26.0 2:20p NE 7 51.2 61.7 6:30p 43.5 3:30a 13.8 0.0 0.00 5.5 15.0 8:40a NE 8 62.3 74.0 4:40p 53.1 2:40a 4.5 1.8 0.00 8.5 18.0 2:00a SSW 9 66.5 73.7 6:20p 58.0 6:50a 1.8 3.3 0.11 11.9 36.0 11:20p S 10 59.3 64.4 4:10p 46.5 12:00m 5.7 0.0 0.01 9.5 25.0 8:40p W 11 43.5 48.7 2:00p 39.5 11:40p 21.5 0.0 0.02 7.0 27.0 1:30a E 12 44.9 50.6 1:30p 38.8 3:00a 20.1 0.0 0.03 6.7 21.0 12:40p NE 13 53.1 62.3 7:20p 42.0 6:20a 11.9 0.0 0.00 3.9 15.0 3:50p NE 14 62.3 70.2 4:20p 56.8 6:10a 3.5 0.8 0.01 5.6 15.0 1:00a SW 15 57.6 64.9 12:10a 50.9 12:00m 7.4 0.0 0.07 5.3 23.0 2:40p NE 16 60.2 72.3 5:10p 47.2 6:30a 6.4 1.6 0.00 3.0 13.0 12:40p SSW 17 52.6 65.6 12:20a 48.0 8:50p 12.4 0.0 0.00 9.2 31.0 9:40a NE 18 53.6 66.5 1:00p 47.1 6:50a 11.4 0.0 0.00 8.3 26.0 3:50a ENE 19 57.8 62.0 12:50p 53.1 6:40a 7.2 0.0 0.15 4.0 13.0 3:00a S 20 52.5 55.8 2:20p 47.8 11:40p 12.5 0.0 0.00 5.2 25.0 10:30a NE 21 53.5 59.2 12:10p 47.3 6:40a 11.5 0.0 0.04 3.0 15.0 9:20p NE 22 54.2 61.5 6:20p 49.9 8:00a 10.8 0.0 0.21 2.9 14.0 4:20p NE 23 63.4 74.2 4:20p 54.2 6:50a 3.8 2.1 0.00 2.9 14.0 4:20p WSW 24 68.9 76.9 3:20p 60.4 6:30a 0.9 4.8 0.00 3.3 14.0 2:30a SW 25 72.0 79.4 4:10p 65.6 6:20a 0.0 7.0 0.00 5.0 16.0 8:50p SW 26 72.2 83.0 4:00p 62.5 10:20p 0.2 7.3 0.25 2.8 21.0 10:00p WSW 27 64.2 66.2 7:40a 62.2 6:00a 0.3 0.1 0.00 0.8 9.0 6:10a W 28 29 30 31 ------------------------------------------------------------------------------------- 57.9 83.0 26 38.8 12 223.5 31.6 1.59 6.2 46.0 4 NE Max >= 90.0: 0 Max <= 32.0: 0 Min <= 32.0: 0 Min <= 0.0: 0 Max Rain: 0.36 ON 05/04/18 Days of Rain: 11 (>.01 in) 6 (>.1 in) 0 (>1 in) Heat Base: 65.0 Cool Base: 65.0 Method: Integration