NOAA-Style Climate Reports

2018: Jan | Feb | Mar | Apr | May | Jun | Jul | Aug | Sep | Oct | Nov | Dec 
2017: Jan | Feb | Mar | Apr | May | Jun | Jul | Aug | Sep | Oct | Nov | Dec 
2016: Jan | Feb | Mar | Apr | May | Jun | Jul | Aug | Sep | Oct | Nov | Dec 
2015: Jan | Feb | Mar | Apr | May | Jun | Jul | Aug | Sep | Oct | Nov | Dec 
2014: Jan | Feb | Mar | Apr | May | Jun | Jul | Aug | Sep | Oct | Nov | Dec 
2013: Jan | Feb | Mar | Apr | May | Jun | Jul | Aug | Sep | Oct | Nov | Dec 
2012: Jan | Feb | Mar | Apr | May | Jun | Jul | Aug | Sep | Oct | Nov | Dec 
2011: Jan | Feb | Mar | Apr | May | Jun | Jul | Aug | Sep | Oct | Nov | Dec 
2010: Jan | Feb | Mar | Apr | May | Jun | Jul | Aug | Sep | Oct | Nov | Dec 
2009: Jan | Feb | Mar | Apr | May | Jun | Jul | Aug | Sep | Oct | Nov | Dec 
2008: Jan | Feb | Mar | Apr | May | Jun | Jul | Aug | Sep | Oct | Nov | Dec 
2007: Jan | Feb | Mar | Apr | May | Jun | Jul | Aug | Sep | Oct | Nov | Dec 
2006: Jan | Feb | Mar | Apr | May | Jun | Jul | Aug | Sep | Oct | Nov | Dec 
2005: Jan | Feb | Mar | Apr | May | Jun | Jul | Aug | Sep | Oct | Nov | Dec 
2004: Jan | Feb | Mar | Apr | May | Jun | Jul | Aug | Sep | Oct | Nov | Dec 
2003: Jan | Feb | Mar | Apr | May | Jun | Jul | Aug | Sep | Oct | Nov | Dec 

Report for 2018 11
MONTHLY CLIMATOLOGICAL SUMMARY for NOV. 2018 NAME: Vantage Pro Plus CITY: Sand Point STATE: MI ELEV: 598 ft LAT: 43 54' 37" N LONG: 83 23' 03" W TEMPERATURE (F), RAIN (in), WIND SPEED (mph) HEAT COOL AVG MEAN DEG DEG WIND DOM DAY TEMP HIGH TIME LOW TIME DAYS DAYS RAIN SPEED HIGH TIME DIR ------------------------------------------------------------------------------------ 1 45.4 47.0 12:10a 44.0 6:50p 19.6 0.0 0.00 6.4 26.0 8:00p NE 2 43.4 44.9 2:20a 41.4 11:30p 21.6 0.0 0.10 9.1 26.0 5:10a NNE 3 40.3 42.4 2:00p 38.3 12:00m 24.7 0.0 0.00 5.6 23.0 1:10p NW 4 41.7 46.7 12:10p 35.0 6:50a 23.3 0.0 0.00 4.1 22.0 12:00m S 5 46.7 49.8 1:30p 43.9 11:40p 18.3 0.0 0.08 6.5 18.0 6:50a S 6 47.5 50.4 9:20a 43.5 1:30a 17.5 0.0 0.20 8.8 32.0 4:10p SSW 7 40.5 45.5 12:40a 38.5 2:40p 24.5 0.0 0.01 12.3 35.0 5:20a W 8 38.1 39.4 3:30p 36.2 7:40a 26.9 0.0 0.00 5.3 28.0 1:30a NW 9 35.3 37.6 3:00p 29.2 12:00m 29.7 0.0 0.03 6.4 38.0 9:20p W 10 30.7 35.9 1:10p 26.1 5:20a 34.3 0.0 0.00 9.5 41.0 3:40a NW 11 33.0 36.8 12:00m 29.4 8:00a 32.0 0.0 0.00 7.4 17.0 11:20a SSW 12 35.7 37.2 3:00a 32.9 12:00m 29.3 0.0 0.00 4.0 17.0 11:00p NW 13 29.0 32.9 12:10a 24.5 8:10p 36.0 0.0 0.00 6.9 26.0 3:50p NW 14 27.3 31.0 2:40p 25.0 3:00a 37.7 0.0 0.00 4.8 29.0 2:00a WNW 15 30.8 34.7 12:10p 26.1 4:50a 34.2 0.0 0.01 1.8 11.0 1:40p S 16 34.2 36.9 8:10p 32.2 10:30a 30.8 0.0 0.03 8.3 27.0 12:30p W 17 33.4 36.9 12:10a 30.8 11:50p 31.6 0.0 0.00 5.2 27.0 2:20a NW 18 32.3 35.4 2:10p 29.9 6:20a 32.7 0.0 0.00 3.8 20.0 9:40p SW 19 32.8 35.5 4:30p 29.5 7:30a 32.2 0.0 0.00 4.9 26.0 11:40p SSW 20 28.3 33.4 11:10p 24.0 9:00a 36.7 0.0 0.00 9.2 32.0 10:30p N 21 33.5 33.7 1:10a 33.4 12:10a 2.2 0.0 0.00 12.8 30.0 12:30a W 22 23 24 25 26 27 28 29 30 ------------------------------------------------------------------------------------- 36.2 50.4 6 24.0 20 575.8 0.0 0.46 6.8 41.0 10 W Max >= 90.0: 0 Max <= 32.0: 1 Min <= 32.0: 10 Min <= 0.0: 0 Max Rain: 0.20 ON 11/06/18 Days of Rain: 5 (>.01 in) 1 (>.1 in) 0 (>1 in) Heat Base: 65.0 Cool Base: 65.0 Method: Integration