NOAA-Style Climate Reports

2018: Jan | Feb | Mar | Apr | May | Jun | Jul | Aug | Sep | Oct | Nov | Dec 
2017: Jan | Feb | Mar | Apr | May | Jun | Jul | Aug | Sep | Oct | Nov | Dec 
2016: Jan | Feb | Mar | Apr | May | Jun | Jul | Aug | Sep | Oct | Nov | Dec 
2015: Jan | Feb | Mar | Apr | May | Jun | Jul | Aug | Sep | Oct | Nov | Dec 
2014: Jan | Feb | Mar | Apr | May | Jun | Jul | Aug | Sep | Oct | Nov | Dec 
2013: Jan | Feb | Mar | Apr | May | Jun | Jul | Aug | Sep | Oct | Nov | Dec 
2012: Jan | Feb | Mar | Apr | May | Jun | Jul | Aug | Sep | Oct | Nov | Dec 
2011: Jan | Feb | Mar | Apr | May | Jun | Jul | Aug | Sep | Oct | Nov | Dec 
2010: Jan | Feb | Mar | Apr | May | Jun | Jul | Aug | Sep | Oct | Nov | Dec 
2009: Jan | Feb | Mar | Apr | May | Jun | Jul | Aug | Sep | Oct | Nov | Dec 
2008: Jan | Feb | Mar | Apr | May | Jun | Jul | Aug | Sep | Oct | Nov | Dec 
2007: Jan | Feb | Mar | Apr | May | Jun | Jul | Aug | Sep | Oct | Nov | Dec 
2006: Jan | Feb | Mar | Apr | May | Jun | Jul | Aug | Sep | Oct | Nov | Dec 
2005: Jan | Feb | Mar | Apr | May | Jun | Jul | Aug | Sep | Oct | Nov | Dec 
2004: Jan | Feb | Mar | Apr | May | Jun | Jul | Aug | Sep | Oct | Nov | Dec 
2003: Jan | Feb | Mar | Apr | May | Jun | Jul | Aug | Sep | Oct | Nov | Dec 

Report for 2018 09
MONTHLY CLIMATOLOGICAL SUMMARY for SEP. 2018 NAME: Vantage Pro Plus CITY: Sand Point STATE: MI ELEV: 598 ft LAT: 43 54' 37" N LONG: 83 23' 03" W TEMPERATURE (F), RAIN (in), WIND SPEED (mph) HEAT COOL AVG MEAN DEG DEG WIND DOM DAY TEMP HIGH TIME LOW TIME DAYS DAYS RAIN SPEED HIGH TIME DIR ------------------------------------------------------------------------------------ 1 71.4 77.8 2:40p 66.8 6:30a 0.0 6.4 0.60 5.8 24.0 3:30p S 2 74.3 78.9 4:30p 70.7 9:30a 0.0 9.3 0.10 2.2 23.0 8:00a SW 3 74.3 77.3 4:00p 71.3 1:30a 0.0 9.3 0.14 3.0 44.0 12:30a SSW 4 76.8 83.4 4:00p 71.1 5:00a 0.0 11.8 0.16 2.1 10.0 11:00a S 5 78.0 84.2 4:00p 70.1 11:10p 0.0 13.0 0.03 6.4 34.0 6:10p SSW 6 66.1 70.6 12:10a 61.0 11:40p 0.7 1.8 0.00 6.5 21.0 1:30p NNE 7 64.3 66.9 4:20p 60.8 1:10a 1.3 0.6 0.00 6.4 22.0 5:10p NE 8 62.8 66.9 12:10a 58.2 12:00m 2.3 0.2 0.00 8.6 26.0 5:20a ENE 9 59.3 64.0 2:10p 55.9 5:20a 5.7 0.0 0.00 6.3 25.0 12:40p E 10 60.5 63.2 3:20p 57.6 12:10a 4.5 0.0 0.00 5.5 19.0 3:10a ENE 11 64.4 70.7 5:10p 58.0 7:10a 1.9 1.4 0.00 1.6 14.0 12:30a WSW 12 66.0 73.0 3:00p 60.6 6:00a 1.2 2.2 0.00 2.4 12.0 5:00p S 13 66.6 72.5 1:30p 61.6 6:10a 0.9 2.5 0.00 2.0 13.0 1:40p NE 14 69.3 74.4 4:30p 64.9 5:00a 0.0 4.3 0.00 1.1 8.0 12:50p NE 15 68.3 72.9 5:10p 64.9 3:50a 0.0 3.3 0.00 2.3 12.0 4:40p NE 16 70.0 74.8 2:30p 63.9 7:30a 0.1 5.1 0.01 2.9 15.0 5:10p NE 17 74.1 81.1 3:40p 67.9 7:40a 0.0 9.1 0.00 1.6 8.0 11:30p S 18 66.9 74.8 12:10a 63.5 12:00m 0.2 2.1 0.02 5.1 19.0 12:40a NE 19 65.1 69.0 2:30p 62.8 11:20p 0.8 0.9 0.01 3.5 16.0 7:40a NE 20 65.6 71.2 4:20p 62.3 6:40a 0.8 1.3 0.04 2.2 11.0 2:00a S 21 22 23 24 25 26 27 28 29 30 ------------------------------------------------------------------------------------- 68.2 84.2 5 55.9 9 20.4 84.6 1.11 3.9 44.0 3 NE Max >= 90.0: 0 Max <= 32.0: 0 Min <= 32.0: 0 Min <= 0.0: 0 Max Rain: 0.60 ON 09/01/18 Days of Rain: 7 (>.01 in) 3 (>.1 in) 0 (>1 in) Heat Base: 65.0 Cool Base: 65.0 Method: Integration