NOAA-Style Climate Reports


Report for 2017 March
                   MONTHLY CLIMATOLOGICAL SUMMARY for MAR. 2017

NAME: Vantage Pro Plus   CITY: Sand Point   STATE: MI 
ELEV:   598 ft  LAT:  43° 54' 37" N  LONG:  83° 23' 03" W

                   TEMPERATURE (°F), RAIN  (in), WIND SPEED (mph)

                                      HEAT  COOL        AVG
    MEAN                              DEG   DEG         WIND                 DOM
DAY TEMP  HIGH   TIME   LOW    TIME   DAYS  DAYS  RAIN  SPEED HIGH   TIME    DIR
------------------------------------------------------------------------------------
 1  33.1  48.4   2:00a  21.9  12:00m  31.9   0.0  0.46  10.1  37.0   3:00p   NNE
 2  23.6  30.1   3:10p  17.2   7:10a  41.4   0.0  0.00   7.3  28.0  12:10a   NNW
 3  21.1  26.3   4:10p  15.6   7:10a  43.9   0.0  0.03   7.9  27.0  12:30a   NNW
 4  22.6  29.3   1:00p  18.1   5:20a  42.4   0.0  0.00   5.5  18.0  12:30a    SE
 5  29.3  37.3   4:20p  20.9   3:30a  35.7   0.0  0.01  13.0  26.0   9:10a     S
 6  40.3  46.7   5:40p  35.1  12:10a  24.7   0.0  0.00  10.6  28.0   9:10p     S
 7  44.9  51.5   8:20a  39.2  10:00p  20.1   0.0  0.06  16.2  35.0   7:40a   WSW
 8  38.8  41.2   9:20a  33.0  11:40p  26.2   0.0  0.00  16.2  47.0   2:30p     W
 9  32.6  36.5   5:00p  28.8   7:30a  32.4   0.0  0.00   8.2  34.0   2:20a    NW
10  21.4  29.9  12:10a  14.5  11:10p  43.6   0.0  0.00  11.9  34.0   1:30p   NNW
11  19.1  24.7   3:00p  14.8  12:10a  45.9   0.0  0.00  10.3  29.0  11:10a    NW
12  21.7  27.3   3:40p  17.4   5:00a  41.5   0.0  0.00   5.4  20.0   3:30a   NNW
13  22.1  26.6   3:30p  19.3  11:50p  42.9   0.0  0.02   3.7  15.0   6:10p     E
14  20.2  23.3   5:40p  18.8  11:10p  44.8   0.0  0.00  12.4  35.0   2:40p   NNE
15  24.1  33.4   5:20p  17.0   8:10a  40.9   0.0  0.00  11.2  31.0   3:50a     N
16  29.5  36.8   5:30p  22.5   7:50a  35.5   0.0  0.00   7.0  21.0   4:50a    NW
17  31.4  40.4   1:50p  24.5   8:00a  33.6   0.0  0.01   4.6  18.0   5:20p     S
18  33.3  34.4  10:10a  32.3  12:40a  31.7   0.0  0.00   4.0  12.0  10:00p     N
19  35.7  42.5   5:10p  29.0   8:10a  29.3   0.0  0.00   4.2  13.0   2:00a   NNE
20  38.4  45.8   5:30p  33.3   4:00a  26.6   0.0  0.07   5.6  17.0   8:30a     S
21  36.3  47.6   1:20p  24.6  12:00m  28.7   0.0  0.00   8.0  33.0   7:30p   NNW
22  25.4  29.9   5:30p  20.8   9:00a  39.6   0.0  0.00   8.9  31.0  12:50a     N
23  33.1  41.9   3:00p  24.9   4:10a  31.9   0.0  0.00   8.9  20.0  10:10p     S
24  39.7  52.3   1:40p  34.8   8:40p  25.3   0.0  0.00   7.3  24.0   8:40p     S
25  34.7  36.6   5:20p  34.0   8:30p  30.3   0.0  0.16   7.6  22.0   9:50a   ENE
26  37.2  44.7   5:30p  33.8   6:20a  27.8   0.0  0.40   3.5  15.0  12:50a    NE
27  41.4  46.7   4:40p  36.7   9:40p  23.6   0.0  0.01   3.5  17.0   1:10p     W
28  37.6  44.7   3:00p  34.3  12:00m  27.4   0.0  0.00   5.2  16.0   8:20a   NNE
29  35.4  40.4  12:50p  32.3   6:20a  15.8   0.0  0.00   4.5  18.0  11:00a   NNW
30
31
-------------------------------------------------------------------------------------
    31.2  52.3    24    14.5    10   965.4   0.0  1.23   8.0  47.0     8       S

Max >=  90.0:  0
Max <=  32.0:  9
Min <=  32.0: 18
Min <=   0.0:  0
Max Rain: 0.46 ON 03/01/17
Days of Rain: 7 (>.01 in) 3 (>.1 in) 0 (>1 in)
Heat Base:  65.0  Cool Base:  65.0  Method: Integration