NOAA-Style Climate Reports
Select a Year or Month report
2024: Jan Feb Mar Apr May Jun Jul Aug Sep Oct Nov Dec
2023: Jan Feb Mar Apr May Jun Jul Aug Sep Oct Nov Dec
2022: Jan Feb Mar Apr May Jun Jul Aug Sep Oct Nov Dec
2021: Jan Feb Mar Apr May Jun Jul Aug Sep Oct Nov Dec
2020: Jan Feb Mar Apr May Jun Jul Aug Sep Oct Nov Dec
2019: Jan Feb Mar Apr May Jun Jul Aug Sep Oct Nov Dec
2018: Jan Feb Mar Apr May Jun Jul Aug Sep Oct Nov Dec
2017: Jan Feb Mar Apr May Jun Jul Aug Sep Oct Nov Dec
2016: Jan Feb Mar Apr May Jun Jul Aug Sep Oct Nov Dec
2015: Jan Feb Mar Apr May Jun Jul Aug Sep Oct Nov Dec
2014: Jan Feb Mar Apr May Jun Jul Aug Sep Oct Nov Dec
2013: Jan Feb Mar Apr May Jun Jul Aug Sep Oct Nov Dec
2012: Jan Feb Mar Apr May Jun Jul Aug Sep Oct Nov Dec
2011: Jan Feb Mar Apr May Jun Jul Aug Sep Oct Nov Dec
2010: Jan Feb Mar Apr May Jun Jul Aug Sep Oct Nov Dec
2009: Jan Feb Mar Apr May Jun Jul Aug Sep Oct Nov Dec
2008: Jan Feb Mar Apr May Jun Jul Aug Sep Oct Nov Dec
2007: Jan Feb Mar Apr May Jun Jul Aug Sep Oct Nov Dec
2006: Jan Feb Mar Apr May Jun Jul Aug Sep Oct Nov Dec
2005: Jan Feb Mar Apr May Jun Jul Aug Sep Oct Nov Dec
2004: Jan Feb Mar Apr May Jun Jul Aug Sep Oct Nov Dec
2003: Jan Feb Mar Apr May Jun Jul Aug Sep Oct Nov Dec
2024: Jan Feb Mar Apr May Jun Jul Aug Sep Oct Nov Dec
2023: Jan Feb Mar Apr May Jun Jul Aug Sep Oct Nov Dec
2022: Jan Feb Mar Apr May Jun Jul Aug Sep Oct Nov Dec
2021: Jan Feb Mar Apr May Jun Jul Aug Sep Oct Nov Dec
2020: Jan Feb Mar Apr May Jun Jul Aug Sep Oct Nov Dec
2019: Jan Feb Mar Apr May Jun Jul Aug Sep Oct Nov Dec
2018: Jan Feb Mar Apr May Jun Jul Aug Sep Oct Nov Dec
2017: Jan Feb Mar Apr May Jun Jul Aug Sep Oct Nov Dec
2016: Jan Feb Mar Apr May Jun Jul Aug Sep Oct Nov Dec
2015: Jan Feb Mar Apr May Jun Jul Aug Sep Oct Nov Dec
2014: Jan Feb Mar Apr May Jun Jul Aug Sep Oct Nov Dec
2013: Jan Feb Mar Apr May Jun Jul Aug Sep Oct Nov Dec
2012: Jan Feb Mar Apr May Jun Jul Aug Sep Oct Nov Dec
2011: Jan Feb Mar Apr May Jun Jul Aug Sep Oct Nov Dec
2010: Jan Feb Mar Apr May Jun Jul Aug Sep Oct Nov Dec
2009: Jan Feb Mar Apr May Jun Jul Aug Sep Oct Nov Dec
2008: Jan Feb Mar Apr May Jun Jul Aug Sep Oct Nov Dec
2007: Jan Feb Mar Apr May Jun Jul Aug Sep Oct Nov Dec
2006: Jan Feb Mar Apr May Jun Jul Aug Sep Oct Nov Dec
2005: Jan Feb Mar Apr May Jun Jul Aug Sep Oct Nov Dec
2004: Jan Feb Mar Apr May Jun Jul Aug Sep Oct Nov Dec
2003: Jan Feb Mar Apr May Jun Jul Aug Sep Oct Nov Dec
Report for 2005 June
MONTHLY CLIMATOLOGICAL SUMMARY for JUN. 2005 NAME: Vantage Pro Plus CITY: Sand Point STATE: MI ELEV: 598 ft LAT: 43° 54' 37" N LONG: 83° 23' 03" W TEMPERATURE (°F), RAIN (in), WIND SPEED (mph) HEAT COOL AVG MEAN DEG DEG WIND DOM DAY TEMP HIGH TIME LOW TIME DAYS DAYS RAIN SPEED HIGH TIME DIR ------------------------------------------------------------------------------------ 1 62.3 72.1 3:00p 50.7 6:15a 4.3 1.5 0.00 3.3 17.0 5:45p N 2 68.1 80.7 4:00p 54.5 5:30a 2.5 5.6 0.00 2.2 14.0 2:15p SSE 3 67.4 75.1 1:15p 62.9 6:00a 0.4 2.8 0.00 2.9 13.0 3:15p S 4 68.9 79.9 6:30p 59.3 5:00a 1.3 5.2 0.00 3.1 14.0 12:00p E 5 73.1 87.6 3:15p 66.9 10:15p 0.0 8.1 0.38 6.8 28.0 6:00p S 6 72.5 78.8 5:45p 67.1 12:15a 0.0 7.5 0.00 7.5 22.0 7:45p SSW 7 73.5 84.9 5:30p 65.6 6:00a 0.0 8.5 0.00 2.1 21.0 5:45p WSW 8 73.4 84.7 5:15p 66.3 5:45a 0.0 8.4 0.04 5.1 28.0 5:30p S 9 78.3 89.7 4:15p 68.8 12:00m 0.0 13.3 0.35 3.3 26.0 10:30p S 10 76.3 88.4 2:00p 68.8 12:30a 0.0 11.3 0.09 2.9 18.0 7:15p S 11 77.6 86.1 2:45p 71.6 4:00a 0.0 12.6 0.09 4.8 25.0 4:45p S 12 77.8 83.4 4:00p 74.2 2:00a 0.0 12.8 0.00 5.4 13.0 5:30a S 13 71.0 77.0 12:15a 68.3 3:45p 0.0 6.0 0.61 3.2 21.0 3:00p NE 14 73.7 84.0 3:00p 66.9 5:30p 0.0 8.7 0.07 4.2 45.0 5:00p S 15 66.4 72.0 12:45p 61.0 12:00m 0.9 2.3 0.08 7.0 26.0 3:45a WSW 16 60.2 66.0 4:00p 56.9 6:30a 4.8 0.0 0.18 5.9 22.0 2:30a N 17 60.4 68.8 4:30p 55.1 6:45a 4.9 0.4 0.00 4.6 20.0 3:00a N 18 62.3 67.1 6:00p 58.9 11:15p 2.9 0.2 0.00 4.9 18.0 1:15p N 19 64.5 72.5 4:00p 58.0 4:00a 2.6 2.1 0.00 3.0 13.0 4:15p N 20 68.7 79.6 6:15p 59.8 5:00a 1.6 5.3 0.00 3.3 16.0 2:45a S 21 69.8 75.8 6:45p 67.6 6:15a 0.0 4.8 0.05 2.4 16.0 11:45p S 22 65.3 69.9 4:00p 58.6 11:15p 0.9 1.3 0.00 5.8 30.0 4:30a NE 23 68.7 78.3 3:45p 57.3 7:00a 2.2 5.9 0.00 5.5 14.0 10:15p S 24 78.1 86.1 5:45p 70.8 6:00a 0.0 13.1 0.00 6.6 17.0 1:45a S 25 76.6 84.5 2:00p 69.6 6:45a 0.0 11.6 0.00 2.7 16.0 5:45a N 26 68.9 75.3 6:00p 61.5 9:00a 0.2 4.1 0.13 3.0 21.0 8:00a NE 27 79.1 93.2 2:00p 68.6 2:30a 0.0 14.1 0.00 1.6 13.0 11:30p SSE 28 78.5 88.4 4:15p 73.0 12:00m 0.0 13.5 0.00 3.7 27.0 4:30p S 29 73.6 79.2 6:15p 69.1 6:45a 0.0 8.6 0.00 2.9 14.0 10:15a NE 30 75.1 80.9 6:30p 70.3 1:00a 0.0 10.1 0.01 5.7 25.0 10:15a S ------------------------------------------------------------------------------------- 71.0 93.2 27 50.7 1 29.5 209.7 2.08 4.2 45.0 14 S Max >= 90.0: 1 Max <= 32.0: 0 Min <= 32.0: 0 Min <= 0.0: 0 Max Rain: 0.61 ON 06/13/05 Days of Rain: 11 (>.01 in) 5 (>.1 in) 0 (>1 in) Heat Base: 65.0 Cool Base: 65.0 Method: Integration