NOAA-Style Climate Reports
Select a Year or Month report
2024: Jan Feb Mar Apr May Jun Jul Aug Sep Oct Nov Dec
2023: Jan Feb Mar Apr May Jun Jul Aug Sep Oct Nov Dec
2022: Jan Feb Mar Apr May Jun Jul Aug Sep Oct Nov Dec
2021: Jan Feb Mar Apr May Jun Jul Aug Sep Oct Nov Dec
2020: Jan Feb Mar Apr May Jun Jul Aug Sep Oct Nov Dec
2019: Jan Feb Mar Apr May Jun Jul Aug Sep Oct Nov Dec
2018: Jan Feb Mar Apr May Jun Jul Aug Sep Oct Nov Dec
2017: Jan Feb Mar Apr May Jun Jul Aug Sep Oct Nov Dec
2016: Jan Feb Mar Apr May Jun Jul Aug Sep Oct Nov Dec
2015: Jan Feb Mar Apr May Jun Jul Aug Sep Oct Nov Dec
2014: Jan Feb Mar Apr May Jun Jul Aug Sep Oct Nov Dec
2013: Jan Feb Mar Apr May Jun Jul Aug Sep Oct Nov Dec
2012: Jan Feb Mar Apr May Jun Jul Aug Sep Oct Nov Dec
2011: Jan Feb Mar Apr May Jun Jul Aug Sep Oct Nov Dec
2010: Jan Feb Mar Apr May Jun Jul Aug Sep Oct Nov Dec
2009: Jan Feb Mar Apr May Jun Jul Aug Sep Oct Nov Dec
2008: Jan Feb Mar Apr May Jun Jul Aug Sep Oct Nov Dec
2007: Jan Feb Mar Apr May Jun Jul Aug Sep Oct Nov Dec
2006: Jan Feb Mar Apr May Jun Jul Aug Sep Oct Nov Dec
2005: Jan Feb Mar Apr May Jun Jul Aug Sep Oct Nov Dec
2004: Jan Feb Mar Apr May Jun Jul Aug Sep Oct Nov Dec
2003: Jan Feb Mar Apr May Jun Jul Aug Sep Oct Nov Dec
2024: Jan Feb Mar Apr May Jun Jul Aug Sep Oct Nov Dec
2023: Jan Feb Mar Apr May Jun Jul Aug Sep Oct Nov Dec
2022: Jan Feb Mar Apr May Jun Jul Aug Sep Oct Nov Dec
2021: Jan Feb Mar Apr May Jun Jul Aug Sep Oct Nov Dec
2020: Jan Feb Mar Apr May Jun Jul Aug Sep Oct Nov Dec
2019: Jan Feb Mar Apr May Jun Jul Aug Sep Oct Nov Dec
2018: Jan Feb Mar Apr May Jun Jul Aug Sep Oct Nov Dec
2017: Jan Feb Mar Apr May Jun Jul Aug Sep Oct Nov Dec
2016: Jan Feb Mar Apr May Jun Jul Aug Sep Oct Nov Dec
2015: Jan Feb Mar Apr May Jun Jul Aug Sep Oct Nov Dec
2014: Jan Feb Mar Apr May Jun Jul Aug Sep Oct Nov Dec
2013: Jan Feb Mar Apr May Jun Jul Aug Sep Oct Nov Dec
2012: Jan Feb Mar Apr May Jun Jul Aug Sep Oct Nov Dec
2011: Jan Feb Mar Apr May Jun Jul Aug Sep Oct Nov Dec
2010: Jan Feb Mar Apr May Jun Jul Aug Sep Oct Nov Dec
2009: Jan Feb Mar Apr May Jun Jul Aug Sep Oct Nov Dec
2008: Jan Feb Mar Apr May Jun Jul Aug Sep Oct Nov Dec
2007: Jan Feb Mar Apr May Jun Jul Aug Sep Oct Nov Dec
2006: Jan Feb Mar Apr May Jun Jul Aug Sep Oct Nov Dec
2005: Jan Feb Mar Apr May Jun Jul Aug Sep Oct Nov Dec
2004: Jan Feb Mar Apr May Jun Jul Aug Sep Oct Nov Dec
2003: Jan Feb Mar Apr May Jun Jul Aug Sep Oct Nov Dec
Report for 2011 April
MONTHLY CLIMATOLOGICAL SUMMARY for APR. 2011 NAME: Vantage Pro Plus CITY: Sand Point STATE: MI ELEV: 598 ft LAT: 43° 54' 37" N LONG: 83° 23' 03" W TEMPERATURE (°F), RAIN (in), WIND SPEED (mph) HEAT COOL AVG MEAN DEG DEG WIND DOM DAY TEMP HIGH TIME LOW TIME DAYS DAYS RAIN SPEED HIGH TIME DIR ------------------------------------------------------------------------------------ 1 37.5 47.2 5:00p 29.3 7:15a 27.5 0.0 0.00 2.9 13.0 11:45p NE 2 37.8 44.8 4:00p 32.4 4:00a 27.2 0.0 0.02 4.7 19.0 1:45p WNW 3 35.6 39.8 2:15p 32.7 7:00a 29.4 0.0 0.22 7.7 28.0 2:45p S 4 40.9 50.1 11:15a 37.0 2:45a 24.1 0.0 0.62 11.6 35.0 5:30a W 5 38.7 46.1 5:30p 34.7 5:30a 26.3 0.0 0.00 8.7 30.0 5:15a NW 6 37.1 41.5 7:30a 34.4 12:00m 27.9 0.0 0.02 6.2 22.0 6:45a NE 7 38.8 46.4 2:30p 33.3 5:45a 26.2 0.0 0.00 3.5 13.0 7:45p NE 8 39.4 47.9 11:45a 34.1 12:00m 25.6 0.0 0.00 5.7 18.0 5:15p NNE 9 43.1 51.1 3:15p 32.8 6:15a 21.9 0.0 0.00 4.2 14.0 3:30p NNE 10 56.7 73.3 5:00p 43.5 9:15a 9.6 1.3 0.44 9.4 27.0 8:30a SSW 11 54.5 68.6 1:00a 44.4 11:30p 10.8 0.4 0.00 13.5 34.0 4:00a SSW 12 41.8 46.4 4:30p 38.2 7:15a 23.2 0.0 0.00 9.3 25.0 11:30a N 13 48.1 62.1 5:45p 38.7 7:00a 16.9 0.0 0.00 4.7 20.0 11:00p N 14 40.4 46.7 3:00a 35.3 8:15p 24.6 0.0 0.00 11.6 29.0 2:15p NE 15 39.1 44.4 1:15p 34.0 6:00a 25.9 0.0 0.00 12.3 35.0 3:45p ENE 16 46.7 56.9 2:15p 38.1 12:00m 18.3 0.0 0.09 16.9 36.0 12:00m SE 17 37.5 41.0 4:30p 32.7 10:15a 27.5 0.0 0.03 15.5 40.0 7:45a WNW 18 35.4 42.0 5:15p 31.9 6:30a 29.6 0.0 0.00 5.7 22.0 2:30a N 19 36.9 44.1 11:15a 32.7 12:15a 28.1 0.0 0.30 10.1 34.0 11:30p NE 20 38.8 43.4 1:30p 36.4 10:00a 26.2 0.0 0.60 11.0 32.0 12:15a WNW 21 41.0 48.2 5:15p 34.4 7:00a 24.0 0.0 0.00 6.9 26.0 5:45a NW 22 43.2 52.8 3:00p 38.5 5:15a 21.8 0.0 0.00 8.3 21.0 6:00p SE 23 49.2 55.0 4:30p 41.7 12:45a 15.8 0.0 0.22 9.9 25.0 6:30a SW 24 46.5 53.5 5:00p 40.8 5:30a 18.5 0.0 0.00 4.8 13.0 5:30a NNE 25 49.2 61.7 3:15p 44.0 6:30a 15.8 0.0 0.00 5.0 18.0 5:30p NE 26 53.1 67.0 6:15p 43.7 3:00a 12.0 0.1 0.43 10.0 31.0 8:45a S 27 55.7 64.1 4:00p 52.0 11:00a 9.3 0.0 0.57 6.3 40.0 4:15p SSW 28 47.3 53.7 12:30a 42.1 12:00m 17.7 0.0 0.78 13.4 38.0 12:45p WSW 29 47.4 55.4 5:30p 39.4 2:00a 17.6 0.0 0.03 6.5 22.0 1:30a NE 30 52.3 62.2 3:30p 42.5 6:30a 12.7 0.0 0.00 10.2 22.0 4:00p SSE ------------------------------------------------------------------------------------- 43.7 73.3 10 29.3 1 642.0 1.8 4.37 8.6 40.0 17 NE Max >= 90.0: 0 Max <= 32.0: 0 Min <= 32.0: 2 Min <= 0.0: 0 Max Rain: 0.78 ON 04/28/11 Days of Rain: 14 (>.01 in) 9 (>.1 in) 0 (>1 in) Heat Base: 65.0 Cool Base: 65.0 Method: Integration