NOAA-Style Climate Reports
Select a Year or Month report
2024: Jan Feb Mar Apr May Jun Jul Aug Sep Oct Nov Dec
2023: Jan Feb Mar Apr May Jun Jul Aug Sep Oct Nov Dec
2022: Jan Feb Mar Apr May Jun Jul Aug Sep Oct Nov Dec
2021: Jan Feb Mar Apr May Jun Jul Aug Sep Oct Nov Dec
2020: Jan Feb Mar Apr May Jun Jul Aug Sep Oct Nov Dec
2019: Jan Feb Mar Apr May Jun Jul Aug Sep Oct Nov Dec
2018: Jan Feb Mar Apr May Jun Jul Aug Sep Oct Nov Dec
2017: Jan Feb Mar Apr May Jun Jul Aug Sep Oct Nov Dec
2016: Jan Feb Mar Apr May Jun Jul Aug Sep Oct Nov Dec
2015: Jan Feb Mar Apr May Jun Jul Aug Sep Oct Nov Dec
2014: Jan Feb Mar Apr May Jun Jul Aug Sep Oct Nov Dec
2013: Jan Feb Mar Apr May Jun Jul Aug Sep Oct Nov Dec
2012: Jan Feb Mar Apr May Jun Jul Aug Sep Oct Nov Dec
2011: Jan Feb Mar Apr May Jun Jul Aug Sep Oct Nov Dec
2010: Jan Feb Mar Apr May Jun Jul Aug Sep Oct Nov Dec
2009: Jan Feb Mar Apr May Jun Jul Aug Sep Oct Nov Dec
2008: Jan Feb Mar Apr May Jun Jul Aug Sep Oct Nov Dec
2007: Jan Feb Mar Apr May Jun Jul Aug Sep Oct Nov Dec
2006: Jan Feb Mar Apr May Jun Jul Aug Sep Oct Nov Dec
2005: Jan Feb Mar Apr May Jun Jul Aug Sep Oct Nov Dec
2004: Jan Feb Mar Apr May Jun Jul Aug Sep Oct Nov Dec
2003: Jan Feb Mar Apr May Jun Jul Aug Sep Oct Nov Dec
2024: Jan Feb Mar Apr May Jun Jul Aug Sep Oct Nov Dec
2023: Jan Feb Mar Apr May Jun Jul Aug Sep Oct Nov Dec
2022: Jan Feb Mar Apr May Jun Jul Aug Sep Oct Nov Dec
2021: Jan Feb Mar Apr May Jun Jul Aug Sep Oct Nov Dec
2020: Jan Feb Mar Apr May Jun Jul Aug Sep Oct Nov Dec
2019: Jan Feb Mar Apr May Jun Jul Aug Sep Oct Nov Dec
2018: Jan Feb Mar Apr May Jun Jul Aug Sep Oct Nov Dec
2017: Jan Feb Mar Apr May Jun Jul Aug Sep Oct Nov Dec
2016: Jan Feb Mar Apr May Jun Jul Aug Sep Oct Nov Dec
2015: Jan Feb Mar Apr May Jun Jul Aug Sep Oct Nov Dec
2014: Jan Feb Mar Apr May Jun Jul Aug Sep Oct Nov Dec
2013: Jan Feb Mar Apr May Jun Jul Aug Sep Oct Nov Dec
2012: Jan Feb Mar Apr May Jun Jul Aug Sep Oct Nov Dec
2011: Jan Feb Mar Apr May Jun Jul Aug Sep Oct Nov Dec
2010: Jan Feb Mar Apr May Jun Jul Aug Sep Oct Nov Dec
2009: Jan Feb Mar Apr May Jun Jul Aug Sep Oct Nov Dec
2008: Jan Feb Mar Apr May Jun Jul Aug Sep Oct Nov Dec
2007: Jan Feb Mar Apr May Jun Jul Aug Sep Oct Nov Dec
2006: Jan Feb Mar Apr May Jun Jul Aug Sep Oct Nov Dec
2005: Jan Feb Mar Apr May Jun Jul Aug Sep Oct Nov Dec
2004: Jan Feb Mar Apr May Jun Jul Aug Sep Oct Nov Dec
2003: Jan Feb Mar Apr May Jun Jul Aug Sep Oct Nov Dec
Report for 2024 March
MONTHLY CLIMATOLOGICAL SUMMARY for MAR. 2024 NAME: Vantage Pro Plus CITY: Sand Point STATE: MI ELEV: 598 ft LAT: 43° 54' 37" N LONG: 83° 23' 03" W TEMPERATURE (°F), RAIN (in), WIND SPEED (mph) HEAT COOL AVG MEAN DEG DEG WIND DOM DAY TEMP HIGH TIME LOW TIME DAYS DAYS RAIN SPEED HIGH TIME DIR ------------------------------------------------------------------------------------ 1 36.9 46.3 3:20p 28.9 12:10a 28.1 0.0 0.00 12.7 22.0 10:10a SW 2 40.7 50.1 3:50p 36.2 5:50a 24.3 0.0 0.00 5.9 13.0 12:40a S 3 43.6 52.7 3:50p 34.9 7:20a 21.4 0.0 0.00 13.0 30.0 7:30p S 4 51.0 64.4 1:40p 43.1 7:40a 14.0 0.0 0.00 10.7 22.0 12:30a S 5 42.4 56.9 4:40a 37.7 11:50p 22.6 0.0 0.19 7.5 27.0 2:00a NE 6 37.4 40.5 2:20p 35.4 8:40a 27.6 0.0 0.00 5.1 19.0 4:00p NE 7 37.7 41.9 12:50p 35.0 5:20a 27.3 0.0 0.00 4.7 16.0 1:40p E 8 41.5 46.2 12:40p 37.2 12:10a 23.5 0.0 0.72 6.1 19.0 11:00p SE 9 39.1 48.0 2:10a 31.6 12:00m 25.9 0.0 0.39 7.1 21.0 4:10p NW 10 32.2 37.9 5:10p 27.5 8:00a 31.5 0.0 0.17 7.0 24.0 11:00a N 11 38.8 49.2 6:00p 30.8 4:30a 26.2 0.0 0.00 9.5 24.0 6:00p WSW 12 47.0 59.6 5:40p 37.4 7:10a 18.0 0.0 0.00 7.9 25.0 5:40p WSW 13 49.5 60.3 4:50p 44.0 9:10a 15.5 0.0 0.00 6.1 22.0 1:40a WNW 14 41.7 46.7 12:10a 38.6 5:30p 23.3 0.0 0.66 4.8 19.0 5:20p ENE 15 37.2 40.9 5:20p 34.6 10:20a 27.8 0.0 0.00 4.0 17.0 1:40a NE 16 41.8 49.9 4:10p 36.0 12:30a 23.2 0.0 0.00 14.1 39.0 12:50p SW 17 34.3 39.8 12:10a 27.4 12:00m 30.7 0.0 0.00 6.9 23.0 10:50p NW 18 30.5 35.3 5:40p 26.4 2:10a 34.5 0.0 0.00 6.2 20.0 8:40p NNW 19 35.1 39.7 6:10p 30.4 12:30a 29.9 0.0 0.00 17.1 39.0 10:10a W 20 28.9 37.1 12:30a 22.5 11:50p 36.1 0.0 0.00 8.1 25.0 12:10p NNW 21 26.6 32.2 6:00p 21.4 2:20a 38.4 0.0 0.00 7.6 21.0 5:10a N 22 27.8 29.8 1:40p 25.8 7:40a 37.2 0.0 0.01 9.7 19.0 10:50a S 23 29.4 35.0 2:00p 26.1 3:00a 35.6 0.0 0.00 4.7 20.0 9:00a NNE 24 30.7 36.9 4:20p 24.9 3:00a 34.3 0.0 0.00 8.7 23.0 4:50p SSE 25 43.3 53.9 5:00p 33.1 3:30a 21.7 0.0 0.00 16.3 30.0 6:10p S 26 48.1 52.8 6:10p 42.1 11:30p 16.9 0.0 0.18 21.2 41.0 9:30a S 27 36.7 43.1 12:20a 34.4 12:50p 28.3 0.0 0.00 23.4 36.0 3:50a W 28 37.5 44.5 5:00p 33.4 7:40a 27.5 0.0 0.00 14.7 25.0 10:30a W 29 36.5 45.8 5:00p 31.6 7:30a 28.5 0.0 0.00 4.3 19.0 12:50p NW 30 36.4 44.2 1:40p 31.5 2:00a 28.6 0.0 0.02 6.4 18.0 10:50a SE 31 36.1 39.0 12:20p 32.9 8:20a 28.9 0.0 0.00 3.8 15.0 11:00p NE ------------------------------------------------------------------------------------- 37.9 64.4 4 21.4 21 837.3 0.0 2.34 9.2 41.0 26 W Max >= 90.0: 0 Max <= 32.0: 1 Min <= 32.0: 14 Min <= 0.0: 0 Max Rain: 0.72 ON 03/08/24 Days of Rain: 7 (>.01 in) 6 (>.1 in) 0 (>1 in) Heat Base: 65.0 Cool Base: 65.0 Method: Integration